{"id":213,"date":"2017-07-28T11:05:39","date_gmt":"2017-07-28T09:05:39","guid":{"rendered":"http:\/\/www.footsall.fr\/?page_id=213"},"modified":"2019-09-02T08:32:00","modified_gmt":"2019-09-02T06:32:00","slug":"regles-de-jeu","status":"publish","type":"page","link":"https:\/\/www.footsall.fr\/index.php\/regles-de-jeu\/","title":{"rendered":"R\u00e8gles de jeu"},"content":{"rendered":"<p>&nbsp;<\/p>\n<p>&nbsp;<\/p>\n<ul>\n<li><img loading=\"lazy\" decoding=\"async\" class=\"alignnone size-full wp-image-217 aligncenter\" src=\"http:\/\/www.footsall.fr\/wp-content\/uploads\/2017\/07\/regles-de-jeu-1.png\" alt=\"\" width=\"139\" height=\"139\" \/>Vous \u00eates libres de jouer \u00e0 plus ou moins de joueurs sur le terrain. Le nombre de rempla\u00e7ants n&rsquo;est pas limit\u00e9.<\/li>\n<\/ul>\n<p><img loading=\"lazy\" decoding=\"async\" class=\"alignnone size-full wp-image-218 aligncenter\" src=\"http:\/\/www.footsall.fr\/wp-content\/uploads\/2017\/07\/regles-de-jeu-2.png\" alt=\"\" width=\"161\" height=\"121\" \/><\/p>\n<ul>\n<li>Les rencontres se font en auto-arbitrage. Chaque \u00e9quipe doit donc faire preuve de fair-play, de compr\u00e9hension et de respect afin que les rencontres se d\u00e9roulent dans les meilleures conditions de jeu.<\/li>\n<\/ul>\n<p><img loading=\"lazy\" decoding=\"async\" class=\"alignnone size-full wp-image-220 aligncenter\" src=\"http:\/\/www.footsall.fr\/wp-content\/uploads\/2017\/07\/regles-de-jeu-3.png\" alt=\"\" width=\"126\" height=\"123\" \/><\/p>\n<ul>\n<li>Il n&rsquo;y a pas de hors-jeu. Il n&rsquo;y a pas de corners.<\/li>\n<\/ul>\n<p><img loading=\"lazy\" decoding=\"async\" class=\"alignnone size-full wp-image-221 aligncenter\" src=\"http:\/\/www.footsall.fr\/wp-content\/uploads\/2017\/07\/regles-de-jeu-4.png\" alt=\"\" width=\"114\" height=\"121\" \/><\/p>\n<ul>\n<li>Les joueurs ont le droit de rentrer dans la surface de r\u00e9paration pour d\u00e9fendre et pour attaquer.<\/li>\n<\/ul>\n<p><img loading=\"lazy\" decoding=\"async\" class=\"alignnone size-full wp-image-222 aligncenter\" src=\"http:\/\/www.footsall.fr\/wp-content\/uploads\/2017\/07\/regles-de-jeu-5.png\" alt=\"\" width=\"143\" height=\"125\" \/><\/p>\n<ul>\n<li>Il est possible de jouer avec les panneaux qui entourent le terrain. Quand le ballon touche le filet sur la longueur du terrain ou au plafond, le ballon reste en jeu. Quand le ballon touche le filet sur la largeur du terrain, le ballon est consid\u00e9r\u00e9 comme sorti, Il doit \u00eatre rendu au gardien de but se trouvant du c\u00f4t\u00e9 o\u00f9 le ballon est sorti.<\/li>\n<\/ul>\n<p><img loading=\"lazy\" decoding=\"async\" class=\"alignnone size-full wp-image-223 aligncenter\" src=\"http:\/\/www.footsall.fr\/wp-content\/uploads\/2017\/07\/regles-de-jeu-6.png\" alt=\"\" width=\"137\" height=\"121\" \/><\/p>\n<ul>\n<li>La dur\u00e9e d&rsquo;une rencontre est d&rsquo;une heure et un signal sonore marquera le d\u00e9but et la fin de la partie. Optimisez votre temps de jeu comme vous le souhaitez.<\/li>\n<\/ul>\n<p><img loading=\"lazy\" decoding=\"async\" class=\"alignnone size-full wp-image-224 aligncenter\" src=\"http:\/\/www.footsall.fr\/wp-content\/uploads\/2017\/07\/regles-de-jeu-7.png\" alt=\"\" width=\"140\" height=\"139\" \/><\/p>\n<ul>\n<li>Les charges et contacts sont \u00e0 \u00e9viter. Les tacles sont interdits.<\/li>\n<\/ul>\n<p><img loading=\"lazy\" decoding=\"async\" class=\"alignnone size-full wp-image-225 aligncenter\" src=\"http:\/\/www.footsall.fr\/wp-content\/uploads\/2017\/07\/regles-de-jeu-8.png\" alt=\"\" width=\"141\" height=\"134\" \/><\/p>\n<ul>\n<li>Les chaussures sp\u00e9cial futsal ou chaussures de sport sont obligatoires. Il est interdit de jouer avec des crampons.<\/li>\n<\/ul>\n<p><img loading=\"lazy\" decoding=\"async\" class=\"alignnone size-full wp-image-226 aligncenter\" src=\"http:\/\/www.footsall.fr\/wp-content\/uploads\/2017\/07\/regles-de-jeu-9.png\" alt=\"\" width=\"149\" height=\"143\" \/><\/p>\n<ul>\n<li>Le gardien peut tout le temps prendre le ballon \u00e0 la main \u00e0 l&rsquo;int\u00e9rieur de sa surface. Il a le droit de sortir de sa surface de r\u00e9paration pour jouer au pied<\/li>\n<\/ul>\n<p>&nbsp;<\/p>\n","protected":false},"excerpt":{"rendered":"<p>&nbsp; &nbsp; Vous \u00eates libres de jouer \u00e0 plus ou moins de joueurs sur le terrain. Le nombre de rempla\u00e7ants n&rsquo;est pas limit\u00e9. Les rencontres se font en auto-arbitrage. Chaque \u00e9quipe doit donc faire preuve[&#8230;]<\/p>\n","protected":false},"author":1,"featured_media":0,"parent":0,"menu_order":0,"comment_status":"closed","ping_status":"closed","template":"","meta":{"footnotes":""},"class_list":["post-213","page","type-page","status-publish","hentry"],"_links":{"self":[{"href":"https:\/\/www.footsall.fr\/index.php\/wp-json\/wp\/v2\/pages\/213","targetHints":{"allow":["GET"]}}],"collection":[{"href":"https:\/\/www.footsall.fr\/index.php\/wp-json\/wp\/v2\/pages"}],"about":[{"href":"https:\/\/www.footsall.fr\/index.php\/wp-json\/wp\/v2\/types\/page"}],"author":[{"embeddable":true,"href":"https:\/\/www.footsall.fr\/index.php\/wp-json\/wp\/v2\/users\/1"}],"replies":[{"embeddable":true,"href":"https:\/\/www.footsall.fr\/index.php\/wp-json\/wp\/v2\/comments?post=213"}],"version-history":[{"count":7,"href":"https:\/\/www.footsall.fr\/index.php\/wp-json\/wp\/v2\/pages\/213\/revisions"}],"predecessor-version":[{"id":678,"href":"https:\/\/www.footsall.fr\/index.php\/wp-json\/wp\/v2\/pages\/213\/revisions\/678"}],"wp:attachment":[{"href":"https:\/\/www.footsall.fr\/index.php\/wp-json\/wp\/v2\/media?parent=213"}],"curies":[{"name":"wp","href":"https:\/\/api.w.org\/{rel}","templated":true}]}}